t f be -2*(55/(-10) - -3). Let s(k) be the third derivative of -k**4/12 - 7*k**3/6 - 24*k**2 - 2*k. Calculate s(f).
-17
Let t(u) = -u**2 - 29*u - 94. Let c(g) = -g**2 + 4*g + 996. Let z be c(-30). What is t(z)?
26
Let v = -1212 + 1206. Let d(f) = -f**3 - 6*f**2 + 5*f - 11. Give d(v).
-41
Let r(f) = -2*f**2 + 8*f - 6. Let g = 213 - 168. Suppose -114*c = -105*c - g. Determine r(c).
-16
Suppose -8*f = -9*f + 20*f. Suppose -4*u = z - 3*u - 4, f = -4*z - 5*u + 17. Let i(w) = 2*w**2 + 2*w + 2. Determine i(z).
26
Let q(b) = -b**2 - 3*b - 2. Let v = 222 - 216. Suppose 6*g - v = -36. Give q(g).
-12
Let t be (1 - 1) + (9 - 2). Let s(c) be the second derivative of -c**4/6 + 4*c**3/3 + 5*c**2 + 7261*c + 2. Give s(t).
-32
Let f(i) be the first derivative of -i**4/4 - 2*i**3/3 + 2*i**2 - 4*i + 1. Suppose -9676 = -33*m + 3524. Let j = 396 - m. Determine f(j).
12
Let g = 47 + -55. Let z be (-3*g/(-36))/(2/15). Let c(y) be the first derivative of -y**4/4 - 4*y**3/3 + 2*y**2 + 4*y - 99. Calculate c(z).
9
Suppose -32*z + 4 = -34*z. Let f(r) = r + 5. Let i be f(-2). Let s(a) = 5 + a - a**i - 2 + 3*a + 5*a**2 - 8*a**2. Give s(z).
-9
Let i = -1609 - -3452. Let p be 6/(-10) - i/95. Let x be (0 - 0)*(p - -21). Let s(o) = -o**3 - o**2 - o + 4. Calculate s(x).
4
Let t(b) be the third derivative of -b**6/360 - b**5/10 - 3*b**4/4 + 161*b**3/6 + 2*b**2 - 54*b. Let i(v) be the first derivative of t(v). Determine i(-11).
-7
Suppose 5*o - 3*o = 3*q - 9, 5*q + 3*o = 34. Suppose 0 = 5*z - 20, q*h + 19*z - 17*z + 32 = 0. Let p(a) = -a. What is p(h)?
8
Let b(k) = k**3 - 29*k**2 - 29*k - 32. Suppose 0 = -2*f + 2*o + 56, -96 = -336*f + 333*f - 3*o. Calculate b(f).
-2
Suppose -31*z - 27 = 4. Let x(a) = 42*a - 28. Let y(g) = -4*g + 1. Let m(i) = z*x(i) - 10*y(i). What is m(13)?
-8
Let x = 1 - -1. Let o(i) = -2 + 4*i - 4*i**2 + x*i**2 + 3. Let j = -836 + 840. What is o(j)?
-15
Let i(w) be the first derivative of w**4/4 - 7*w**3/3 + 5*w**2/2 + 3*w - 4. Suppose -5*q - 113 = -143. Suppose q = -2*z + 3*z. Determine i(z).
-3
Let d = 373/1914 - 9/319. Let b(j) be the second derivative of 0 - j**2 - d*j**3 + 17*j. Determine b(3).
-5
Let q(h) = -h**3 - 8*h**2 - 3*h + 7. Let f be 27/12 - (1071/12)/17. What is q(f)?
-29
Let i(v) = -v**2 - v + 25. Suppose -l + 17*m - 6 = 19*m, -5*l = m + 3. What is i(l)?
25
Let b(c) = c**2 - 36*c - 12. Let z be b(0). Let j(d) = d**2 + 8*d - 41. Give j(z).
7
Let j be 270/(-297) - (-12)/(-132). Let b(v) = -7*v**3 + 2*v**2 - v - 1. What is b(j)?
9
Suppose 8*c + 9 - 9 = -35*c. Let i(m) be the second derivative of -1/2*m**2 + 8*m + c - 1/6*m**3. Give i(0).
-1
Suppose 2*t = -y + 13, 3*y + 34 = -4*t + 63. Let j(z) = -z**3 + 6*z**2 - 3. Calculate j(t).
22
Let m(g) be the third derivative of -g**5/60 + 53*g**4/24 + 18*g**3 - 843*g**2 + 2*g - 2. What is m(55)?
-2
Suppose 2*l - 2 = -5*g, -3*l = -g + 2*g - 16. Suppose -4 = 4*r - 2*k, 3*r = r - k + l. Let b(x) = 33*x**2 - 16*x**2 - 7*x - 9 + r - 18*x**2. Calculate b(-6).
-2
Let w(x) = x**2 + 16*x - 8. Let h = -7278 + 7261. Determine w(h).
9
Let n = -142/175 - -459/350. Let a(c) be the second derivative of -19*c - 5/3*c**3 + 0 + 1/12*c**4 - n*c**2. Determine a(10).
-1
Let q(o) = -o**2 + 15*o - 22. Suppose -264*w - 170*w + 4550 = -109*w. What is q(w)?
-8
Let t(l) = -6*l**2 + 4 - 81906*l**3 + 4*l + 1 + 81907*l**3. Give t(4).
-11
Let v(o) = 4*o. Let m = 218 - 219. Let x be 64/(-32)*(m*1 + 0). Calculate v(x).
8
Let p(b) = 4*b - 3. Let w be 116/10 + 8 + (-76)/10. Let n be 2 - 0/(w/4). What is p(n)?
5
Let z(o) = 4 - 6*o + 3*o + 4*o - 5. Let y = 9 - 11. Let v(a) = a**2 - 10*a - 3. Let n(q) = y*z(q) - v(q). Give n(7).
12
Let x(y) = -y**2 + 1. Let m(l) = -6 - 6 + 2*l - 7 - 5. Let d be m(11). Let s be ((-28)/(-20) + d)/(1/5). Calculate x(s).
-8
Let z(r) = 21*r - 1 - 18*r + 7*r - 9*r - 6. Determine z(-3).
-10
Suppose -5*d - 5*j + 8 = 43, -3*j - 28 = 4*d. Let z(r) = r**2 + 11*r - 3. Let t(o) = o + 1. Let h = -25 + 21. Let s(l) = h*t(l) + z(l). Give s(d).
-7
Let h(k) = k**2 + 4*k - 26. Let c be h(-8). Let x(o) be the third derivative of 0 + 0*o - 1/24*o**4 + 10*o**2 + 1/2*o**3. Calculate x(c).
-3
Let m(f) = -49 - 417*f - 54 + 28 + 405*f. Calculate m(-6).
-3
Let t(v) = 17*v**2 + 178*v - 40. Let q(k) = -24*k**2 - 252*k + 56. Let x(b) = -12*q(b) - 17*t(b). Give x(-5).
-7
Let h(o) = 0*o - 275 - 188 + o + 463. Let s(d) = d**3 + 5*d**2 - d - 5. Let i be s(-5). What is h(i)?
0
Let k(s) = -3*s - 9. Suppose c - o = 5*c + 20, -6*c + o - 20 = 0. Give k(c).
3
Let c(a) = 2*a**3 - 16*a**2 - 9. Suppose -2*w + 5*n + 31 = 0, 4*w - 5 = 4*n + 39. Give c(w).
-9
Let k(f) = -f**2 + 9*f - 30. Suppose 480 - 477 = -3*a, 5*y - 2*a = 32. Determine k(y).
-12
Let i(l) = -l**2 - 20*l - 47. Suppose 0 = 3*k + o + 75 - 28, k + o = -13. Let a be i(k). Let x(d) = -2*d**2 + 4*d - 2. Determine x(a).
-18
Let d(v) = -v**3 - 5*v**2 + 5*v - 3. Suppose 0 = -236*y + 235*y + 54. Suppose -76*g + 67*g = y. Determine d(g).
3
Let a(g) = -2*g - 9. Let t(m) = 3*m - 8. Let s(b) = 4*a(b) + t(b). Give s(-12).
16
Let o be 0 - ((-2 - -1) + 5). Suppose 5*g - 26 = 4*y, 0 = 21*g - 25*g - 2*y. Let j(x) = 0*x + 226 + x**3 + 0*x**g - 224 + 3*x**2 - 4*x. Determine j(o).
2
Suppose 206 = 4*x + 5*m, -4*m - 16 = x - 62. Suppose 4*w - 3*g = -x, 3*g = -5*w - 0*w - 54. Let v be 3 - (-2)/(8/w). Let d(u) = u**2 + u - 11. Calculate d(v).
-11
Let a(z) = -27*z**3 + 5*z**2 - 8*z + 32. Let m(h) = -8*h**3 + 2*h**2 - 2*h + 11. Let i(u) = 3*a(u) - 10*m(u). What is i(-5)?
6
Let m(v) = v**3 - 10*v**2 + 20*v - 202. Let x be m(10). Let l(g) = -g**2 - 2*g + 2. What is l(x)?
2
Let o(v) = -v**3 + 5*v**2 + 4*v + 6. Let k(i) = -46 - 2*i**2 + 4*i**2 + 29*i - 7*i. Let h be k(2). What is o(h)?
-6
Let q(p) = 2*p. Let r(v) = -2*v - 2. Let z(n) = 3*q(n) + r(n). Let y be (-45)/(-10)*(-8)/(-6). Let f be (-9)/(-4) + y/(-24). Calculate z(f).
6
Let i(h) be the third derivative of -h**6/120 - 7*h**5/30 + 4*h**4/3 + 5*h**3/6 + 2576*h**2. Give i(-16).
5
Let v(r) = -66*r**3 - 152*r**2 + 25*r + 29. Let g(l) = 17*l**3 + 34*l**2 - 6*l - 7. Let m(d) = 9*g(d) + 2*v(d). What is m(-2)?
-157
Let w(q) = 2*q - 1. Let t be w(-1). Let u(n) = -5*n**2 - 225 - 122 + 344 - 4*n + 7*n**2. Determine u(t).
27
Suppose -643*n + 16 = -645*n. Let l(x) = -16*x**3 - 34*x**2 - 60*x - 61. Let b(j) = 3*j**3 + 7*j**2 + 12*j + 12. Let p(q) = 11*b(q) + 2*l(q). Determine p(n).
-22
Let i(g) = -9*g**2 + 3*g - 1. Let j = -100 - -138. Let x = j - 43. Let k(u) = -20*u**2 + 7*u - 3. Let s(l) = x*i(l) + 2*k(l). What is s(-1)?
5
Let s(f) be the third derivative of -23*f**4/24 - 52*f**3/3 - 2701*f**2. Calculate s(-5).
11
Let t(v) = -17*v. Let a(l) = -18*l. Let r(h) = -6*a(h) + 7*t(h). Suppose -10*p + 4 = 24. Determine r(p).
22
Suppose -4*m - 81 = 5*a, -4*m = -m + 5*a + 62. Let u(c) = -2*c**2 - 42*c - 80. Calculate u(m).
-4
Let z(q) = 4*q + 2. Let h(r) = -1. Suppose k + 3 - 8 = 0. Let i(j) = k*h(j) + z(j). Calculate i(2).
5
Let l(y) = -2*y**3 + 5*y**2 + y - 3. Let a be (-52)/40*2 - 110/275. Determine l(a).
93
Let p(z) = -z**3 - 4*z**2 + 5*z + 5. Let m(k) be the second derivative of -k**3/3 - 3*k**2/2 - 24*k. Let v be 1*(1 - (-3 - -3)). Let q be m(v). Determine p(q).
5
Suppose -261*m + 144*m + 132*m + 45 = 0. Let i(l) = -l - 1. Let w(x) = -7*x - 6. Let k(a) = 3*i(a) - w(a). Determine k(m).
-9
Let p(w) = -19 + 2 + 2*w**3 - 6*w**3 + 12*w**2 + 3*w**3 + 2*w. Suppose x + 68 = 6*x + 4*r, 0 = -r + 2. Calculate p(x).
7
Suppose -7*c + 40 = c. Suppose c*x - 45 = 40. Let y(n) = 3*n - x + 34 - 19. What is y(-2)?
-8
Let o(d) = 9*d - 23796*d**3 + 7*d**2 + 11895*d**3 + 11900*d**3 + 11. What is o(8)?
19
Let t(d) = d**3 + 6*d**2 + 4*d + 6. Suppose 29503*m - 29523*m = 60. Determine t(m).
21
Let h(p) = 5*p**3 + p**2 + 3*p + 14. Let j be h(0). Suppose 3*a + 2*q + 9 = 5*q, -3*a + 4*q = j. Let t(y) = -5*y**2 - 2. What is t(a)?
-22
Let x(o) = -9*o - 171 + 53 + 14*o + 86 + 20*o. What is x(5)?
93
Let i = 42 - 40. Suppose -s + 5*h = -20, -i = -s + h + 10. Suppose 0 = -s*v - 40. Let y(b) = b**3 + 4*b**2 - 7*b - 5. Give y(v).
23
Let i be -13 + 10 - (0 - 8*1). Suppose -2*a = 4*b - 22 - 16, b = 4*a + i. Let l(p) = p**3 - 10*p**2 + 11*p + 7. Give l(b).
25
Let x(v) = -8 + 4 + 1 + 17 - 2*v - 12*v. What is x(5)?
-56
Let v = -92 - -94. Let u(z) = -2783*z - 3*z**v + 3 + 5565*z - 2779*z - z**3. Give u(-3).
-6
Let